at are the prime factors of b?
71
Let u(a) = -1. Let f(x) be the third derivative of x**5/60 + 4*x**3/3 - 16*x**2. Let d(j) = f(j) + 5*u(j). List the prime factors of d(-2).
7
Let j = -4722 + 4919. List the prime factors of j.
197
Suppose -152 - 32 = -t. Let y = 217 - t. List the prime factors of y.
3, 11
Suppose 2*j = 8*t - 7*t - 6235, 0 = 13*t - 2*j - 80935. What are the prime factors of t?
3, 5, 83
What are the prime factors of (6819/12)/(4/(52 - 4))?
3, 2273
Let f(a) = -a**3 + 8*a**2 + 3. Let i be f(8). Let w be ((-4)/i)/(24/(-36)). Suppose 0 = w*y - 3*z - 29, -3*y + 3*z = -z - 43. What are the prime factors of y?
13
Suppose -4*z + 4*t + 380 = 0, 150 = 4*z - 3*t - 231. Let w = z - -202. What are the prime factors of w?
2, 149
Let v = 2298 - -14169. What are the prime factors of v?
3, 11, 499
Suppose -12 = -3*a, -5*k - a = -0*a + 391. Suppose -14*r + 350 = -21*r. Let g = r - k. List the prime factors of g.
29
Let t be (((-4)/(-6))/(-2))/(20/(-660)). Suppose 0 = t*p - 368 - 171. What are the prime factors of p?
7
Suppose -3*q - b - 7 = -59, 64 = 3*q + 4*b. Suppose 1 - q = -5*f. Suppose -f = u - 8. What are the prime factors of u?
5
Suppose -8*b = -6*b - 10. Suppose -4*s = 0, -2*t - b*s + 44 = -0*t. Suppose 5*v - 7*c - 110 = -3*c, v + 5*c - t = 0. List the prime factors of v.
2, 11
Let d(h) be the first derivative of 5*h**2/2 + 35*h - 19. Let f be d(-6). Suppose f*t - 9*t = -256. List the prime factors of t.
2
Suppose 0 = -3*j + 79*h - 80*h + 15651, 3*j = 5*h + 15669. What are the prime factors of j?
2, 2609
Let m(s) = -s**3 + 14*s**2 + 22*s - 21. Let h be m(9). Let y = -227 + h. List the prime factors of y.
5, 71
Let y(s) = 47*s**2 - 16*s + 7. Let n be y(-6). Suppose -n = -15*f + 10*f. List the prime factors of f.
359
Let g = 16884 - -15170. What are the prime factors of g?
2, 11, 31, 47
Let w = 11656 - 5504. What are the prime factors of w?
2, 769
Suppose 812 = -5*a + 3177. Suppose 5*x - 1895 = -2*i + a, i + 475 = x. List the prime factors of x.
2, 3, 79
Let n(m) = 18*m + 5. Let h be n(4). Let f = h - 1. Suppose -4*g = -16 - f. List the prime factors of g.
23
Let c = 115 - 103. Suppose 2*a = -5*n - c, -3*a - 2*n = -5*n - 24. Suppose -a*q = -11*q + 266. List the prime factors of q.
2, 19
Suppose 5*l - 1802 = 2*g, 0 = -3*l - 5*g - 32 + 1107. Suppose -2*u + 2*z + l = -0*u, 174 = u + 5*z. Let a = 292 - u. List the prime factors of a.
113
Let q be (-1)/(-1*3/54). Suppose -23*f = -q*f. Suppose -2*a = 2*c - 184, f*a = 3*a - 3*c - 258. What are the prime factors of a?
89
Let p = 12966 - -8569. What are the prime factors of p?
5, 59, 73
Suppose -12*v + 4 - 4 = 0. Suppose v*y = 8*y - 1128. List the prime factors of y.
3, 47
Suppose -2*g + 23 = 2*g - 3*t, -5*g - 4*t = 10. Let z be 723/6*(g - 0). Suppose -2*a - h + z = 0, -h - 607 = -5*a + h. List the prime factors of a.
11
Suppose -3*i + 30 = 5*a, 3*i + 0*i - 9 = 2*a. Let u be a/((-6)/20)*-33. Suppose 0 = -10*t + 4*t + u. What are the prime factors of t?
5, 11
What are the prime factors of ((-369271)/28 + 1)*12/(-9)?
3, 5861
Let j(f) = -14 - f + 18 - 11. Let x be j(-9). Suppose 2*m + x*k = 60, -5*m + 163 - 21 = -3*k. What are the prime factors of m?
29
Let a = 179 - 175. Suppose 3019 = 5*q - 3*b, 5*b - 1463 = -a*q + 930. What are the prime factors of q?
2, 7, 43
Let b = 889 + -609. Suppose 3*u - 1169 = b. What are the prime factors of u?
3, 7, 23
Suppose 66*y + 83199 - 791800 = 722675. What are the prime factors of y?
2, 7, 1549
Let h be 1/((-27)/(-6)) + 160/90. Let u be h + (1 - (1 - -2)). Suppose -p + 29 = 4*q, p + 5*q - 28 = -u*p. List the prime factors of p.
3, 11
Let t(j) = -j**2 - 12*j - 18. Let l(y) = 3*y**2 + 35*y + 54. Let f(x) = -3*l(x) - 8*t(x). Let n be f(-4). List the prime factors of 4*(n/5 + (-3868)/(-80)).
3, 5, 13
Let m = 5332 + 1254. List the prime factors of m.
2, 37, 89
Let u = -45 + 47. Suppose 713 + 305 = r - u*s, 0 = -2*s. What are the prime factors of r?
2, 509
Let k(o) = 28*o + 76. Let n(g) = 15 - 11 - 12 + g. Let w be n(14). List the prime factors of k(w).
2, 61
Let b = 1880 - -4651. What are the prime factors of b?
3, 7, 311
Suppose -7*q + 68 + 11055 = -64330. What are the prime factors of q?
3, 3593
Let a(k) = -3*k + 9. Let q be a(1). Let y be ((-506)/q + 1)*-3. Let c = -97 + y. What are the prime factors of c?
3, 17
Suppose p - 3*x + 4035 = 0, -4*x - 3395 + 19567 = -4*p. Let r = p - -5690. What are the prime factors of r?
31, 53
Let i(k) = 4*k**2 - 2*k - 9. Let a be i(5). Suppose 3*m - 6*m + a = 0. Let v = 32 - m. List the prime factors of v.
5
Let n(y) = 14*y + 11. Let s be n(7). Let o be (-2 + -3 + -1 + 5)*s. Let j = 177 + o. What are the prime factors of j?
2, 17
Let y = 176 - 140. Let l = y + 53. What are the prime factors of l?
89
Let w = -728 - -727. Let a(p) = -963*p**3 + 4*p**2 + 4*p + 2. What are the prime factors of a(w)?
5, 193
List the prime factors of ((-60)/(-50))/((-30)/200) - -25131.
7, 37, 97
Suppose 2*n - 8*l = -6*l + 8394, -2*n + 8373 = l. What are the prime factors of n?
2, 5, 419
Suppose -4*r - w = -1471 - 400, 2335 = 5*r + 2*w. Suppose 3*i - 4131 = -3*k, 3*k = -i - r + 1854. What are the prime factors of i?
1373
Let l = -22 + 13. What are the prime factors of l/((-1)/5 + (-16)/120)?
3
Let y = 32301 + 8766. List the prime factors of y.
3, 13
Let p be 0/((-8)/44 + 40/(-22)). Suppose -4*b - 115 - 669 = p. Let r = 475 + b. What are the prime factors of r?
3, 31
Let k(i) = -i. Let z be k(-3). Suppose z*x = -4*m + 3250, 3*x + m = 3319 - 63. List the prime factors of x.
2, 3, 181
Let j(q) = -833*q**2 + 5*q - 6. Let g be j(1). Let z = -514 - g. Suppose 0 = -i - 9*i + z. What are the prime factors of i?
2
Suppose o + 2*n - 30371 - 14313 = 0, -5*o + 223452 = 2*n. What are the prime factors of o?
2, 11173
Let x be 1/(-1)*(-3 + 861). Let a = x - -1455. List the prime factors of a.
3, 199
Let v(t) = -5*t + 30. Let h be v(6). Suppose -5*w + 4*f + 41 + 78 = h, -3*f = 3. Suppose w = -2*q + 99. List the prime factors of q.
2, 19
Suppose -2*v + 52044 = -6*m, -2*m - 7461 = -5*v + 122688. What are the prime factors of v?
3, 8677
Suppose 5*j + 5*y = 0, -5*j = -4*j - y - 8. Suppose r - 5*v + 20 = 4*r, -8 = j*r - 2*v. What are the prime factors of (6/4 + r)/((-42)/(-1400))?
2, 5
Let c(p) = 17*p**3 + 12*p**2 + 19*p + 22. What are the prime factors of c(11)?
2, 5, 11, 13, 17
Let f be (-4 - (-2 - -4)) + 277. Suppose -382 = -z - 5*u, -2*z - 5*u + f = -468. List the prime factors of z.
3, 7, 17
Let a(b) = 2821*b**2 + 23*b + 19. List the prime factors of a(-2).
11257
Let s(m) be the second derivative of m**5/10 - m**4/6 + 7*m**3/6 + 5*m**2 - 106*m. List the prime factors of s(8).
2, 13, 37
Suppose -1607*p + 1564*p = -41624. What are the prime factors of p?
2, 11
Suppose 4*z = 5*n - 147, -5*z + n = 111 + 57. Let a = 38 + z. Suppose -a*u = 5*y - 830, 215 = 3*y - 5*u - 323. List the prime factors of y.
3, 19
Let f(h) = 333*h + 180. Let b be f(11). Suppose -3*d + 0*d - q = -2868, -b = -4*d + 5*q. What are the prime factors of d?
3, 11, 29
Let d(y) be the first derivative of 3*y + 12 + 1/2*y**2 + 4*y**3. What are the prime factors of d(-2)?
7
Let h(o) = 131*o + 62. Let q be h(-4). Let z = q - -1853. List the prime factors of z.
13, 107
Let h(q) = q**2 - 15*q - 181. Let c be h(23). Suppose -5*y = -2*y - c*a - 3516, 2*a = 5*y - 5872. List the prime factors of y.
2, 3, 7
Let t = -10 - -3. Let a = -4 + t. List the prime factors of (64 + a)*(0 - -1).
53
Let w(d) = d**3 + 7*d**2 - 6*d + 8. Let q be w(-8). Let u = q + 20. Let l = u + 88. List the prime factors of l.
2, 5
Let o = -94 - -99. Suppose -4*k + 712 - 94 = o*s, 616 = 4*k + 4*s. Let h = 224 - k. What are the prime factors of h?
2, 3
Let s(i) = 10*i**2 - 22*i + 4. Let n be s(-10). Suppose -b = 5*b - n. Suppose -c + b = 67. What are the prime factors of c?
137
What are the prime factors of 44017/14*4 - (34 - 11800/350)?
2, 3, 131
Let v(g) = 6*g**2 + 72*g + 540. List the prime factors of v(38).
2, 3, 5, 199
Suppose -2*y = 206 + 118. Let q = 18 - y. Let g = -74 + q. What are the prime factors of g?
2, 53
Let c(g) = 157*g**2 + 17*g - 70. What are the prime factors of c(9)?
2, 5
Let q = 67 + -65. Suppose -g - q*a = 3*g - 10, 25 = g + 5*a. Suppose g*l - 14*l + 3878 = 0. What are the prime factors of l?
277
Suppose -4*w = m - 874, -11*w